 t(z)?
-3
Let c be (3/(-5))/((-6)/30). Let p be 2*3/c - 7. Let h(i) = i**2 + 5*i + 2. Give h(p).
2
Let k(n) = 2*n**2 - 4*n + 2 + 4*n**3 - 2*n**3 - 3*n**3. Calculate k(2).
-6
Let v(l) be the third derivative of l**6/120 + l**5/10 - 7*l**4/24 - 7*l**3/6 + 2*l**2. What is v(-7)?
-7
Let s be ((-1)/(-6))/((-6)/(-24)). Let q(x) be the first derivative of x - 2 - s*x**3 + 1/2*x**2. Determine q(2).
-5
Let k(u) = u + u**2 - 2*u - 2*u + 2. Let s be (-44)/(-220) + 1 + (-4)/(-5). Calculate k(s).
0
Let t(a) = 5*a + 1. Suppose -4*x + x - 6 = 3*o, -2*o - 2 = x. Suppose 3*m = -o + 6. Suppose -2*b + 5*q = -23, 0 = b + 3*b + m*q + 14. What is t(b)?
-4
Let q(n) be the third derivative of n**6/120 + n**5/10 + n**4/12 - n**3 - 16*n**2. Calculate q(-5).
9
Suppose 3*f = f - 4. Let g(w) be the third derivative of -w**4/24 + 2*w**2. Give g(f).
2
Let i = 11 - 17. Let g(o) be the second derivative of o**5/20 + 5*o**4/12 - 7*o**3/6 + 8*o. What is g(i)?
6
Suppose 2*l + 10 = 7*l. Let q be -1*(1 - (1 - l)). Let v(c) be the second derivative of c**5/20 + 5*c**4/12 + c**3/2 + c**2/2 + c. What is v(q)?
7
Let d be ((-2 - -14) + -2)/(-2). Let n(r) = 3*r + 7. Give n(d).
-8
Let w = -74 + 79. Let n(b) be the second derivative of 0 + b + 5/2*b**2 - 1/3*b**3. Calculate n(w).
-5
Let t(u) = u**3 - 4*u**2 - u + 5. Let i(s) = s**3 - 2*s**2 - 3*s + 3. Let q be i(2). Let k be 1 - (1 + (q - -2)). Suppose 9 - k = 2*x. Calculate t(x).
1
Let v(j) be the third derivative of 7/24*j**4 - 1/3*j**3 - 1/60*j**5 + 0*j + 0 - j**2. Calculate v(5).
8
Let k(y) = -y**3 - y + 8. Suppose 11*u = u - 7*u. Calculate k(u).
8
Let l(j) = -j**2 - j - 1. Let r be 3 - (1 + 0/3). Suppose -4*h = 3*i + 11, -3*i + r = -3*h - 1. Let q be (-3)/6 - 5/h. Give l(q).
-7
Let p = -8 + 8. Let d = -4 + p. Let g(h) = -4*h - 2. What is g(d)?
14
Let c(r) = -4*r**2 - r. Let t(o) = 4*o**2 + o. Let f(j) = 3*c(j) + 4*t(j). Give f(2).
18
Let n(s) = -11*s**3 + s - 4. Let c(h) = 10*h**3 - h + 3. Let j(i) = -4*c(i) - 3*n(i). Suppose 2*r + 3*u = -17, 2*u + 21 - 8 = -3*r. What is j(r)?
6
Suppose 5*u = 10, -u - 4 - 2 = -2*r. Suppose -3*p - p = -r. Let m(a) = 4*a + 3. Let s(f) = -4*f - 2. Let b(x) = 3*m(x) + 4*s(x). Determine b(p).
-3
Let y(c) be the second derivative of c**3/6 - 7*c**2 + 2*c. Suppose 4*l + 16 = 3*a, -2*a + 8 = -2*l - 0*l. Calculate y(a).
-14
Let v(s) = -6*s**2 + 0*s**3 + 3*s - s**3 - 1 - 7*s. Let d(b) = -4*b - 1. Let h be d(1). What is v(h)?
-6
Let b(i) = i**2 - 3*i - 2. Let u be b(5). Let s = 8 - u. Let c(k) = -k + 3. What is c(s)?
3
Let w = -59 - -56. Let r(a) = -a**3 + 5*a + 3. What is r(w)?
15
Let q(c) be the first derivative of 7*c**5/10 + c**4/12 - c**2/2 - 5*c - 1. Let n(i) be the first derivative of q(i). Determine n(1).
14
Let f = -13 - 11. Let v be ((-3)/(-6))/((-3)/f). Let g(j) be the first derivative of -j**4/4 + 5*j**3/3 - 3*j**2/2 - 3*j - 1. Give g(v).
1
Let s = 4 - 10. Let p(t) = -t**2 - 4*t + 4. Calculate p(s).
-8
Let n(r) be the third derivative of -r**5/10 - r**2. Give n(1).
-6
Let d(m) = m + 31. Let p be d(-29). Let v(q) = -q. Calculate v(p).
-2
Let o(h) be the second derivative of -h**5/120 + h**4/6 - h**3/6 + h. Let v(r) be the second derivative of o(r). Suppose 3*j = 7*j - 20. Give v(j).
-1
Suppose 0 = -2*u + 8, f = 3*f + 3*u - 10. Let i be 0*3*f/(-6). Let d(g) = -g**2. Calculate d(i).
0
Suppose 3*j - 5*j = 4*a + 14, 0 = -3*j + 2*a + 11. Let k(b) = b**3 - b**2 - b. Determine k(j).
-1
Let g(r) be the second derivative of r**6/720 - r**5/12 - r**4/4 - 5*r. Let j(f) be the third derivative of g(f). Determine j(0).
-10
Let a(g) = -1. Let m(i) = -2*i**2 - i + 4. Let u(j) = -2*a(j) - m(j). Determine u(-2).
4
Let o(n) = n**3 + 5*n**2 + 3*n - 3. Suppose 0 = -3*g - 23 + 11. What is o(g)?
1
Suppose 0*f + 3 = 3*f. Let d(v) = 0*v**2 + 3*v**2 - v**2 + 2 + 5*v. Let q(x) = 3*x**2 + 4*x + 1. Let y(b) = -2*d(b) + 3*q(b). What is y(f)?
6
Let t(m) be the first derivative of m**4/4 - 5*m**3/3 - 7*m**2/2 - 6. Give t(6).
-6
Let i(z) be the third derivative of -z**6/120 - z**5/60 - z**4/24 + z**3/2 + 3*z**2. Calculate i(0).
3
Let g(v) = -8*v + 4*v**3 + 0*v + 5*v**2 - 3*v**3. Determine g(-6).
12
Let z be ((-48)/(-9) - 1) + (-1)/3. Let v(p) = p**2 - 5*p + 5. Give v(z).
1
Let b(h) = -14*h**3 - 23*h**2 - 6*h - 7. Let i(y) = 5*y**3 + 8*y**2 + 2*y + 2. Let c(n) = 4*b(n) + 11*i(n). What is c(-4)?
2
Let q(w) = w**2 - 5*w + 7. Suppose -2*d = d + 4*p + 28, p = -1. Let v = -2 - d. Calculate q(v).
13
Let j(y) = 2*y - 3. Let o(l) = l - 1. Let h(i) = 2*j(i) - 5*o(i). Give h(-1).
0
Let q(h) = 3*h**2 + 1. Let w be q(-1). Let n = 8 - 3. Let u(a) = -3 - 3*a**2 + 6*a**3 + 2*a + w - n*a**3. Determine u(3).
7
Let p(b) be the third derivative of 0*b**4 + 1/60*b**5 - b**2 + 0 + 0*b**3 - 1/120*b**6 + 0*b. Suppose -30 = -5*a - 5*o, 0 = 3*a + 2*o - 18 + 4. Calculate p(a).
-4
Let a(u) be the first derivative of -u**2 - 2*u + 3. Let m be a(-2). Let n(f) = -3 + 0 + 2 - 6*f**m - 2*f. Calculate n(-1).
-5
Suppose -4*k - 3 = -15. Let z(b) = -6*b - 21*b**2 + b**3 - 2*b**k + 6 + 13*b**2. Determine z(-7).
-1
Let j(o) be the second derivative of -o**4/12 + 5*o**3/6 + 3*o**2/2 - 8*o. Calculate j(6).
-3
Suppose -3*x + 4*q - 1 = 0, q - 1 + 0 = 0. Let b(z) = -9*z**2 - 1. Let y be b(x). Let o be (0 + -2)/(5/y). Let d(s) = 3*s - 4. Give d(o).
8
Suppose 6*g - 6 = 3*g. Suppose 20 = g*h + 3*h. Let c(b) be the third derivative of -b**4/24 + b**3 + b**2. What is c(h)?
2
Let a(u) = -u + 7. Suppose -3*o - 14 = -5*o. Let f = -4 + o. Let z = 8 - f. Calculate a(z).
2
Let z(i) = -14*i**3 - 3 + i + 0*i + 15*i**3 + 5. Calculate z(0).
2
Let k be 2/((5 - 1)/(-4)). Let p(w) = -6*w + 3*w + 2 - 3 - w**2. Give p(k).
1
Let i(h) be the first derivative of h**2/2 + 6*h + 2. Let l(r) = 7*r**2 - 9*r + 2. Let j(a) = a**2 - 1. Let s(c) = 6*j(c) - l(c). Let m be s(8). What is i(m)?
6
Suppose 6*p - 11*p - 15 = 0. Let d(o) = -o**3 - 2*o**2 - 1. Determine d(p).
8
Suppose 0 = l + 3*p - 26, -4*l + 3*p = -7*l + 72. Suppose -w = 2*w - 12, 3*b - l = -2*w. Let q(j) = -j**2 - j + b + 5*j**3 + 0 - 4*j**3. What is q(0)?
5
Let h(q) = 6 - q + 2 + 0. Determine h(5).
3
Let a(c) be the third derivative of c**4/24 + c**3/3 - 4*c**2. Give a(-7).
-5
Let f(z) = z**2 + 5*z + 9. Let n(s) = -s**2 + s + 6. Let g be n(4). Calculate f(g).
15
Let k(t) = t**2 - 10. Suppose 2*b = -3*b + 10. Let f = b + -2. Suppose 9*r - 4*r = f. Give k(r).
-10
Let x = 2 - 8. Let w(r) = -r**3 - 6*r**2 - 5*r + 12. Let m(v) = v**3 + 6*v**2 + 4*v - 11. Let i(k) = -6*m(k) - 5*w(k). Give i(x).
0
Let f(g) = -g**2 - g + 2. Let x be f(-2). Suppose x*p + 5*p + 3*n = 13, 5*p = -4*n + 14. Let k(q) be the third derivative of -q**4/24 + 2*q**2. Determine k(p).
-2
Let k(g) = 3*g**3 + 1. Suppose 8 = -2*v, -2*y = -3*y + 3*v + 11. Determine k(y).
-2
Let r(h) = 0 - 2 - h - 3 + 6. Determine r(-2).
3
Let r(u) = u**3 - 7*u**2 + 6*u - 9. Suppose -6*p + 2*p = -24. Determine r(p).
-9
Suppose 4*q + 4 = 5*r, -15 = -2*q - 4*r - 43. Let z(g) = -g + 2. Give z(q).
8
Let b be ((-11)/(-55))/(2/10). Let c(g) = -g. Calculate c(b).
-1
Let i(u) = -u**3 + 4*u**2 + 6*u + 1. Suppose 0*c - 3*c = 0. Suppose 2*l + 4*h - 10 = c, -4*l = 2*h - 2 - 18. Determine i(l).
6
Let n(l) = -l. Let m be n(5). Let c(d) = -d**2 - 2*d + 4. Calculate c(m).
-11
Let x(w) be the second derivative of -w**5/20 - 7*w**4/12 - 5*w**3/6 + 4*w**2 + 9*w. Give x(-6).
2
Let q(b) = 2 + 4*b - 1 + 0*b. Let o be 2 - 0*(-2)/(-4). Calculate q(o).
9
Let f(s) be the first derivative of -s**4/2 - 2*s**3/3 + s**2 + s + 48. Calculate f(2).
-19
Let a(x) be the second derivative of x**5/10 + x**3/3 - x**2/2 - 2*x + 5. Give a(1).
3
Let w(s) = -2*s**3 - 2 + 3*s**3 + 6*s**2 + 7 - s**2. Let y = 1 - 6. Determine w(y).
5
Let m(t) be the second derivative of t**4/12 + 3*t**3/2 + 3*t**2 + 34*t. What is m(-8)?
-2
Let k = 0 - -15. Let a = 11 - k. Let d(s) = -2*s - 6. What is d(a)?
2
Let u(g) = -g. Let h be (-3)/(-2) - 30/(-12). What is u(h)?
-4
Let c(f) = -f - 7. Let g = -37 - -31. Give c(g).
-1
Let n(f) = -f - 1. Suppose 3*u + 20 = -4*c, 5*c = -4*u + 8*u + 6. Calculate n(u).
3
Let w(j) = 1 + 23*j + 17*j + 1 - 39*j. Determine w(-3).
-1
Suppose 0 = -3*s + 27 - 33. Let f be 2/(-4)*s + 2. Let t(v) = -3*v**2 - 8*v + 13. Let y(b) = -b**2 - 4*b + 6. Let c(z) = -2*t(z) + 5*y(z). Calculate c(f).
1
Let t(b) = -2*b - 9. Let a be t(-3). Let o(